((-8)/(-228)). Let a be (5/(-4))/(1/24). Let c = y - a. List the prime factors of c.
11
Let y(p) = -3*p - 47. Let c be y(-7). List the prime factors of -3 + c/(-10) - 277/(-5).
5, 11
Suppose -3*h - 1279 = -2*m, 2*h + 2128 + 1075 = 5*m. What are the prime factors of m?
641
Let d = 4 - -5. Let u = d + -9. Suppose 65 = 5*l - 3*q, l + q - 13 = -u*q. List the prime factors of l.
13
Let n = -53 + 76. Let k = 82 - n. What are the prime factors of k?
59
What are the prime factors of (-24)/84*1*-4067?
2, 7, 83
Let o(n) = 2*n + 8. Let d be o(-3). Suppose -g = -d*g + 52. Suppose 0 = x + x - g. What are the prime factors of x?
2, 13
Suppose o = 3*i - 942, 5*i = 2*o - o + 1570. Let v = -173 + i. What are the prime factors of v?
3, 47
Let j = 13 - -150. Suppose -131 = -6*t + j. List the prime factors of t.
7
What are the prime factors of 60*(-3 + 88)*(-3)/(-15)?
2, 3, 5, 17
Let b = -1005 - -1483. What are the prime factors of b?
2, 239
List the prime factors of -8 + 563064/192 - (-6)/16.
3, 5, 13
Suppose 4*j = -5*g + 3145, -g = -2*g + 3*j + 629. List the prime factors of g.
17, 37
Let h(j) = -8*j**3 - 9*j**2 - 21*j + 8. List the prime factors of h(-5).
2, 3, 37
Suppose -630 + 108 = -3*o. List the prime factors of o.
2, 3, 29
Let r(q) = q**3 - 3*q**2 - 10*q + 5. Let j be r(5). Suppose -4*y - j*c + 44 = -c, 5*y - 61 = c. What are the prime factors of y?
2, 3
Let y(w) be the third derivative of -w**6/60 - w**5/20 - 2*w**3/3 - 4*w**2. List the prime factors of y(-3).
23
Let i = 1696 + -1132. List the prime factors of i.
2, 3, 47
Let a(t) = -89*t**3 - 12*t**2 + 9*t + 25. List the prime factors of a(-4).
3, 1831
Let z be 2/(-4) + (-8)/16. Let r(c) be the second derivative of -c**5/20 - c**3/3 - c**2/2 + 2*c. List the prime factors of r(z).
2
What are the prime factors of (45248/21)/(-8)*(-3)/2?
2, 101
Suppose 38*u - 35*u = 2298. What are the prime factors of u?
2, 383
Let z(v) = 56*v**2 - 3*v. List the prime factors of z(-2).
2, 5, 23
Let s be (2 + -14)/((-9)/6). Suppose -5*y - 588 = -s*y. List the prime factors of 4/(-2) + y/7.
2, 13
Let b = -1474 - -2941. List the prime factors of b.
3, 163
Let o = 34 - 34. Suppose -4*p - 20 = -2*g + g, o = g + 2*p - 8. List the prime factors of g.
2, 3
What are the prime factors of 764*((-14)/(-4) - 2)?
2, 3, 191
Suppose 0 = -0*l + 3*l + 165. Let u = l + 169. List the prime factors of u.
2, 3, 19
Let l(r) = 444*r + 53. What are the prime factors of l(1)?
7, 71
Suppose -i + 34 = 5*a + 2*i, -3*a + 3*i + 6 = 0. Suppose -3*y - d = -87 - 61, -10 = a*d. What are the prime factors of y?
2, 5
Suppose -261 - 1259 = -10*t. List the prime factors of t.
2, 19
Suppose -271 = -3*r + 83. Suppose -4*u = 3*x + 9, 3 - 15 = -5*u + 4*x. Suppose 3*g - r = -k, -4*g + 3*k + 2*k + 170 = u. List the prime factors of g.
2, 5
What are the prime factors of ((-57)/(-6))/((-2)/(-52))?
13, 19
Suppose 0 = 4*r - 30 - 6. Suppose -r*y - 5 = -10*y. List the prime factors of y.
5
Suppose 0 = 4*a + 2*k - 511 - 4367, 5*a + 4*k = 6093. List the prime factors of a.
3, 11, 37
Let d = 3 - 28. Let y = 43 - d. Suppose 3*r = -r + y. List the prime factors of r.
17
Suppose 3*v + 6*u = u + 33, 0 = 4*v + 2*u - 30. Let h = 8 - v. Suppose -5*x + 3*s = -4*x - 38, 0 = h*x - 4*s - 78. What are the prime factors of x?
41
Suppose -219 = -15*d - 9. List the prime factors of d.
2, 7
List the prime factors of 2609 + -7 + (-33)/(-3).
3, 13, 67
Suppose -237 = 6*z - 3*z. Let t = -39 - z. What are the prime factors of t?
2, 5
Let f(w) = 2*w**2 - 72*w + 164. List the prime factors of f(41).
2, 7, 41
Let l = 54 - 47. Suppose -l*n + 60 = -6*n. What are the prime factors of n?
2, 3, 5
Let r(f) = -1573*f - 26. What are the prime factors of r(-1)?
7, 13, 17
Suppose w = 3*h + 55, -3*h = -w - w + 50. List the prime factors of h/6*(-12)/8.
5
Let k be 432/44 + 8/44. Suppose 7*m + 420 = k*m. Suppose -5*s + z + 61 + 102 = 0, 0 = -4*s - 4*z + m. List the prime factors of s.
3, 11
Let s = -752 + 1339. List the prime factors of s.
587
Suppose -11*f - 1 + 45 = 0. Suppose f*x - 299 + 85 = -2*l, 3*l - 3*x - 276 = 0. What are the prime factors of l?
97
Suppose 1 = 2*l - 3. Let z be ((-56)/(-35))/(l/5). Suppose 5*t - 94 = -2*v - 9, -z*t = 2*v - 80. What are the prime factors of v?
2, 3, 5
What are the prime factors of 12/(132/55) + (-1 - -352)?
2, 89
Let c = 14 + -11. Suppose -c*u + 137 = -u - 5*o, -2*u - 5*o + 187 = 0. What are the prime factors of u?
3
Let g = 8025 + -5128. List the prime factors of g.
2897
Let g = 4 - 2. Let d(s) = s**3 - 3*s**2 + 4*s - 2. Let u be d(g). Suppose -99 = -2*q - r, q = -0*q - u*r + 48. What are the prime factors of q?
2, 5
Suppose 16 = -2*v + 58. Suppose -2*q - v = 121. Let y = -37 - q. List the prime factors of y.
2, 17
Suppose 0 = 26*u - 10*u - 3984. List the prime factors of u.
3, 83
Let q = 608 + 671. List the prime factors of q.
1279
Let p = 6 + 522. Suppose 5*t - p = 327. List the prime factors of t.
3, 19
Suppose 3*f = j + 2*f - 275, -4*f = -2*j + 548. List the prime factors of j.
2, 3, 23
Let v = 116 - 98. What are the prime factors of 4 + (-116)/(-8)*(v - 2)?
2, 59
Let j = -21 + 228. Suppose -135 - j = -3*t. List the prime factors of t.
2, 3, 19
Suppose 2*q = 2*p - 144, q - 2*q - 76 = -3*p. Let x = -31 - q. List the prime factors of x.
3, 13
Let j = -42 - -66. Suppose -s + 61 = -j. List the prime factors of s.
5, 17
Let j(f) = 17*f**3 + 3*f**2 + 21*f - 57. What are the prime factors of j(5)?
2, 281
Suppose -24*s - 28*s + 92040 = 0. List the prime factors of s.
2, 3, 5, 59
Let k be (-5)/20 + (-13)/(-4). Let h(o) = -o + k*o**2 + 4*o - 22 + 25. What are the prime factors of h(4)?
3, 7
Let h be -5 + 4/((-16)/(-44)). Let w(j) be the second derivative of j**3/3 + j**2 + j. List the prime factors of w(h).
2, 7
Let r = 2385 - 984. What are the prime factors of r?
3, 467
Suppose 8*x - 4 = 36. Let l(b) = b**3 - 2*b**2 - 8*b + 4. List the prime factors of l(x).
3, 13
Suppose -70 = -2*f - 4*k, -2*k + 5*k + 110 = 5*f. Let g = f + -11. Suppose -2*c + g = -6. List the prime factors of c.
2, 5
Let x(q) = -q**2 + 10*q + 46. Suppose 17*n - 13*n - 52 = 0. What are the prime factors of x(n)?
7
Suppose -i - 3*z - 5 = z, 3*i - z - 24 = 0. Let f(w) = w**2 - 3*w + 10. List the prime factors of f(i).
2, 19
Let s(y) = y + 14. Let m be s(-12). Let o be 21/(-28) + m/(-8). List the prime factors of ((-4)/12)/(o/102).
2, 17
Let a be (-20)/(-70) - 116/14. Let f = a + 106. List the prime factors of f.
2, 7
Let u = 140 - -156. Suppose -5*c + 254 + u = 0. Suppose -2*p = -7*p + c. List the prime factors of p.
2, 11
Let r(m) = -24*m + 222. List the prime factors of r(0).
2, 3, 37
Suppose 0 = -q - 5*i - 160, 0 = 3*q - i + 128 + 352. Let m = q + 228. What are the prime factors of m?
2, 17
List the prime factors of 1/(66/18 + -4) + 1896.
3, 631
Let h be (1 + 8)*(-2)/(-6). Suppose h = -0*p + p. List the prime factors of (-22)/(-10)*(p + 2).
11
Let w be 1/(((-2)/(-1124)*4)/2). Let s = w + -87. List the prime factors of s.
2, 97
Let r be (-6 - -6)*1/1. Suppose y - 4*y + 6 = r. List the prime factors of y.
2
Let t be ((-294)/4)/((-56)/16 - -4). Let z = t - -264. List the prime factors of z.
3, 13
Let x be -1 - 84/(0 - 3). Let y = -29 + x. What are the prime factors of 6692/98 - y/(-7)?
2, 17
Let s be 57/6 - (-6)/(-12). Let w(r) = -r**2 + 12*r + 8. Let b be w(s). Suppose -2*y = -15 - b. What are the prime factors of y?
5
Let z(l) = l**3 - 19*l**2 - 49*l + 30. List the prime factors of z(24).
2, 3, 17
Let i be 0 - (-2)/(1 - 0). Suppose i + 3 = -5*d. List the prime factors of d + 9/(0 - -1).
2
Suppose -7*t + 2*t - 30 = 0. Suppose 4*x - 33 = -3*a + 3, -5*a + 2*x = -86. Let b = a + t. List the prime factors of b.
2, 5
Suppose 0 = -13*c - 6780 + 33300. List the prime factors of c.
2, 3, 5, 17
Let m(g) = 11*g**3 + g**2 - 15*g + 36. List the prime factors of m(7).
3, 139
Let f(s) = -s**3 + 2*s**2 - s + 2. Let g be f(2). Suppose -5*h + 0*h + 330 = g. Suppose 0 = -x - 4*j + h, j = -2*x + 6*j + 67. List the prime factors of x.
2, 23
What are the prime factors of 13*(-12 + -5)*(3 - 4)?
13, 17
Let g be 85/(-34)*(-3)/((-6)/(-4)). Suppose 369 = 3*q - 2*x, 0 = -5*q - x + g*x + 615. List the prime factors of q.
3, 41
Suppose 8 = 4*x, 0 = -3*a - 2*a - 2*x - 116. Let s be (1 + -4)*a/9. Suppose -3*k + k - 5*y = -s, 0 = 2*k 